 11, 29
What are the prime factors of 2786?
2, 7, 199
List the prime factors of 840.
2, 3, 5, 7
List the prime factors of 42424.
2, 5303
List the prime factors of 112.
2, 7
What are the prime factors of 3795?
3, 5, 11, 23
List the prime factors of 21391.
21391
What are the prime factors of 1773?
3, 197
What are the prime factors of 9563?
73, 131
What are the prime factors of 186?
2, 3, 31
What are the prime factors of 11475?
3, 5, 17
What are the prime factors of 2472?
2, 3, 103
List the prime factors of 3292.
2, 823
What are the prime factors of 2195?
5, 439
List the prime factors of 7476.
2, 3, 7, 89
What are the prime factors of 160952?
2, 11, 31, 59
List the prime factors of 32094.
2, 3, 1783
What are the prime factors of 17159?
17159
List the prime factors of 31133.
163, 191
What are the prime factors of 717?
3, 239
What are the prime factors of 57921?
3, 43, 449
List the prime factors of 733.
733
List the prime factors of 3209.
3209
What are the prime factors of 1996?
2, 499
What are the prime factors of 145606?
2, 47, 1549
List the prime factors of 1673.
7, 239
What are the prime factors of 93139?
93139
What are the prime factors of 235?
5, 47
What are the prime factors of 11230?
2, 5, 1123
List the prime factors of 12635.
5, 7, 19
List the prime factors of 7355.
5, 1471
What are the prime factors of 73799?
11, 6709
What are the prime factors of 4424?
2, 7, 79
List the prime factors of 38548.
2, 23, 419
What are the prime factors of 28838?
2, 14419
List the prime factors of 18416.
2, 1151
What are the prime factors of 1681?
41
List the prime factors of 1634.
2, 19, 43
List the prime factors of 20274.
2, 3, 31, 109
List the prime factors of 508.
2, 127
What are the prime factors of 6556?
2, 11, 149
What are the prime factors of 1259?
1259
What are the prime factors of 1008?
2, 3, 7
What are the prime factors of 76904?
2, 9613
What are the prime factors of 611?
13, 47
List the prime factors of 60092.
2, 83, 181
List the prime factors of 1881.
3, 11, 19
List the prime factors of 55.
5, 11
List the prime factors of 32788.
2, 7, 1171
List the prime factors of 11703.
3, 47, 83
What are the prime factors of 1285?
5, 257
List the prime factors of 1496.
2, 11, 17
List the prime factors of 42815.
5, 8563
List the prime factors of 53602.
2, 26801
What are the prime factors of 65202?
2, 3, 10867
What are the prime factors of 2217?
3, 739
List the prime factors of 3840.
2, 3, 5
What are the prime factors of 8844?
2, 3, 11, 67
What are the prime factors of 16954?
2, 7, 173
What are the prime factors of 61592?
2, 7699
List the prime factors of 71799.
3, 7, 13, 263
List the prime factors of 990.
2, 3, 5, 11
List the prime factors of 18312.
2, 3, 7, 109
What are the prime factors of 3948?
2, 3, 7, 47
List the prime factors of 140329.
7, 20047
List the prime factors of 9.
3
What are the prime factors of 4712?
2, 19, 31
List the prime factors of 8046.
2, 3, 149
What are the prime factors of 28103?
157, 179
What are the prime factors of 89849?
89849
What are the prime factors of 17804?
2, 4451
List the prime factors of 657.
3, 73
What are the prime factors of 84528?
2, 3, 587
List the prime factors of 4191.
3, 11, 127
List the prime factors of 3744.
2, 3, 13
What are the prime factors of 39628?
2, 9907
What are the prime factors of 79426?
2, 151, 263
List the prime factors of 10457.
10457
List the prime factors of 27443.
13, 2111
What are the prime factors of 1264?
2, 79
List the prime factors of 1885.
5, 13, 29
List the prime factors of 11327.
47, 241
List the prime factors of 118710.
2, 3, 5, 1319
List the prime factors of 182163.
3, 41, 1481
List the prime factors of 1266.
2, 3, 211
What are the prime factors of 994?
2, 7, 71
List the prime factors of 3816.
2, 3, 53
List the prime factors of 232.
2, 29
List the prime factors of 8517.
3, 17, 167
List the prime factors of 7786.
2, 17, 229
List the prime factors of 892.
2, 223
List the prime factors of 5587.
37, 151
What are the prime factors of 37401?
3, 7, 13, 137
What are the prime factors of 8837?
8837
List the prime factors of 1999.
1999
List the prime factors of 12253.
12253
What are the prime factors of 883?
883
List the prime factors of 6603.
3, 31, 71
What are the prime factors of 1311?
3, 19, 23
List the prime factors of 1480.
2, 5, 37
List the prime factors of 15611.
67, 233
List the prime factors of 3668.
2, 7, 131
What are the prime factors of 1344?
2, 3, 7
List the prime factors of 3399.
3, 11, 103
What are the prime factors of 711?
3, 79
List the prime factors of 11193.
3, 7, 13, 41
List the prime factors of 2862.
2, 3, 53
List the prime factors of 8697.
3, 13, 223
What are the prime factors of 3150?
2, 3, 5, 7
List the prime factors of 2404.
2, 601
List the prime factors of 1011.
3, 337
What are the prime factors of 34245?
3, 5, 761
List the prime factors of 1041.
3, 347
List the prime factors of 10176.
2, 3, 53
List the prime factors of 43.
43
What are the prime factors of 12395?
5, 37, 67
List the prime factors of 750.
2, 3, 5
List the prime factors of 865.
5, 173
What are the prime factors of 6289?
19, 331
List the prime factors of 1000.
2, 5
What are the prime factors of 2235?
3, 5, 149
What are the prime factors of 11131?
11131
List the prime factors of 1217.
1217
List the prime factors of 4720.
2, 5, 59
What are the prime factors of 34409?
19, 1811
List the prime factors of 62748.
2, 3, 7, 83
What are the prime factors of 47000?
2, 5, 47
What are the prime factors of 536?
2, 67
List the prime factors of 15234.
2, 3, 2539
List the prime factors of 35799.
3, 11933
List the prime factors of 15909.
3, 5303
What are the prime factors of 60701?
101, 601
What are the prime factors of 5811?
3, 13, 149
What are the prime factors of 118349?
7, 11, 29, 53
List the prime factors of 735.
3, 5, 7
What are the prime factors of 39?
3, 13
What are the prime factors of 10697?
19, 563
What are the prime factors of 81396?
2, 3, 7, 17, 19
What are the prime factors of 1765?
5, 353
What are the prime factors of 10358?
2, 5179
What are the prime factors of 1516?
2, 379
List the prime factors of 170468.
2, 19, 2243
List the prime factors of 43750.
2, 5, 7
What are the prime factors of 945?
3, 5, 7
What are the prime factors of 154695?
3, 5, 10313
What are the prime factors of 5533?
11, 503
List the prime factors of 38552.
2, 61, 79
What are the prime factors of 35?
5, 7
List the prime factors of 244.
2, 61
List the prime factors of 10641.
3, 3547
What are the prime factors of 49576?
2, 6197
List the prime factors of 1778.
2, 7, 127
List the prime factors of 1498.
2, 7, 107
List the prime factors of 76762.
2, 7, 5483
What are the prime factors of 2133?
3, 79
What are the prime factors of 1462?
2, 17, 43
What are the prime factors of 1636?
2, 409
List the prime factors of 187.
11, 17
What are the prime factors of 112634?
2, 199, 283
List the prime factors of 17911.
17911
What are the prime factors of 1578?
2, 3, 263
What are the prime factors of 688?
2, 43
What are the prime factors of 1212?
2, 3, 101
What are the prime factors of 5425?
5, 7, 31
List the prime factors of 2369.
23, 103
What are the prime factors of 8190?
2, 3, 5, 7, 13
List the prime factors of 12067.
11, 1097
What are the prime factors of 3304?
2, 7, 59
What are the prime factors of 135264?
2, 3, 1409
List the prime factors of 5975.
5, 239
List the prime factors of 1026.
2, 3, 19
List the prime factors of 3268.
2, 19, 43
List the prime factors of 743.
743
What are the prime factors of 2185?
5, 19, 23
What are the prime factors of 8902?
2, 4451
What are the prime factors of 15294?
2, 3, 2549
List the prime factors of 1542.
2, 3, 257
What are the prime factors of 74191?
13, 439
List the prime factors of 1821.
3, 607
List the prime factors of 21371.
7, 43, 71
List the prime factors of 10460.
2, 5, 523
What are the prime factors of 98939?
98939
What are the prime factors of 30124?
2, 17, 443
List the prime factors of 3590.
2, 5, 359
What are the prime factors of 2792?
2, 349
List the prime factors of 449.
449
List the prime factors of 101.
101
List the prime factors of 9814.
2, 7, 701
What are the prime factors of 42713?
11, 353
What are the prime factors of 83561?
83561
List the prime factors of 6923.
7, 23, 43
List the prime factors of 1052